(u) = u**2 + u + 23. Suppose 6*s = -13*s + 4*s. Give a(s).
23
Let g be 193/13 - (-2)/13. Suppose 0 = -f - 4, -6*d - 5*f + g = -d. Let p(u) = -3 + u + 3*u**3 + u**2 - d*u**2 - 2*u**3. What is p(6)?
3
Let c(a) = a**2 + 20*a + 2. Let q = 1086 - 1106. Calculate c(q).
2
Let p(l) = l**2 - 47*l + 340. Let y be p(9). Let t(q) = 2*q + 0*q - 3*q. Determine t(y).
2
Let k(j) = j**3 + 3*j**2 + 3*j. Suppose 5*f + 4*h = 32, -4*h + h + 1 = -2*f. Let y be -3 + f*3/12. Let a be k(y). Let l(q) = -q**3 + q**2 + 3*q + 1. Give l(a).
7
Let w(s) be the first derivative of -4*s**4 + 1/2*s**2 + 8 + s - 1/3*s**3. What is w(-1)?
15
Let d(u) = -u - 3. Let c be d(-7). Let n(m) = -m - 3. Let q be n(-8). Suppose q*l + 5 = c*l. Let j(p) = -p**2 - 4*p - 7. Calculate j(l).
-12
Let g(v) = v**3 - 9*v**2 + 7*v + 10. Let u be g(8). Let k(n) = -6*n + 6*n**2 + 2*n - n - 2 - 5*n**u. Give k(4).
-6
Let q = 71 + -66. Let w(h) be the first derivative of h**2/2 + 3*h - 12. Determine w(q).
8
Suppose 76*j = 54*j + 66. Let n(d) = 4*d**2 - 3*d - 6. Determine n(j).
21
Let d = 12 - 10. Suppose -7*l = -d*l - 20. Let b(i) be the first derivative of -i**4/4 + 5*i**3/3 - i**2/2 + i - 1. What is b(l)?
13
Let p(h) = -h**2 + 5*h - 2. Let l(d) = d**2 - 4*d - 10. Let n be l(6). Suppose -k + n*k = 0. Let y be 1*24/(4 + k). Determine p(y).
-8
Let m(p) = -p**3 - 5*p**2 + p + 5. Suppose 3*k - 2*y = -52, -4*k = 2*y + 2*y + 36. Let x = k - -9. Calculate m(x).
0
Let v be ((-6)/(-5))/(3/(-15)). Let y(s) = -11*s - 11. Let t(z) = -5*z - 5. Let l(i) = i**2 - i - 7. Let x be l(5). Let p(g) = v*y(g) + x*t(g). Give p(-2).
-1
Let l(c) = 10 + 27*c - 43*c - c**2 + 25*c. Calculate l(13).
-42
Suppose 35 = -3*f - 3*q + 5*q, -3*f - 25 = -4*q. Let v = f - -5. Let i = 8 + v. Let j(k) = -k**2 + 2*k + 2. Calculate j(i).
-6
Let p(f) = f**3 - 7*f**2 + 6*f - 7. Let n be (120/25)/(3/(-10)). Let l be (56/n)/((-2)/4). Suppose -2*a - 5*y - 10 = -l*a, -3*y = 2*a - 24. Give p(a).
-7
Let c be 438/27 + (-2)/9. Suppose c*y = 14*y. Let f(q) = 13*q**2 + 15*q**2 + y*q - 29*q**2 + 2 + 5*q. Calculate f(5).
2
Let o be (-2184)/33 + (-4)/(-22). Let i = o - -62. Let g(z) = z**3 + 5*z**2 + 3*z + 5. Calculate g(i).
9
Let p be 3/(-2)*(-48)/(-9). Let g(c) = 4*c - 1. Let v(a) = 11*a - 3. Let x(n) = p*g(n) + 3*v(n). Determine x(2).
1
Suppose 2*r - 6 + 0 = 2*a, -2*r = -3*a - 7. Let v(z) = 6 + 2*z**2 - 4*z + 4*z**2 + 11*z - 5*z**r. Let b(p) = p**3 - 7*p**2 + 6*p - 5. Let d be b(6). Give v(d).
-4
Let j(m) = -26*m**3 - 2 - 9*m**2 - 36*m**3 + 2*m - 4 + 59*m**3. Let p(o) = -2*o**3 - 8*o**2 + 2*o - 6. Let q(c) = 3*j(c) - 4*p(c). What is q(5)?
-4
Let y(q) = -3*q + 2. Let o(w) = -4*w + 3. Let r(s) = 2*o(s) - 3*y(s). Let f = -17 + 19. Suppose -22 = 4*x + f. Give r(x).
-6
Let h = 13 + -9. Suppose 3*q = 2*p + 27 - 1, -40 = -4*q + h*p. Let k(j) = 2*j - 9 + 9 - 5*j - q. Determine k(-4).
6
Suppose -4*s = -3*s - 4. Let j(b) = -5*b**3 + b + 6*b**3 + 4*b - 6*b**2 - 6 + b**2. Determine j(s).
-2
Let z(l) = -11 + 23 - l - 12. Let m(t) = -6*t - 1. Let i(x) = m(x) - 4*z(x). What is i(1)?
-3
Let i(n) = -2*n**2 - 4*n + 3. Let z(l) = -1 + l**3 + 0*l**3 + 0*l**3 + l. Let j(g) = -i(g) - 3*z(g). What is j(-1)?
4
Let t(q) = 12*q - 15*q + 6*q + 45 - 49. Give t(-3).
-13
Suppose 0 = m + 2 - 3. Let x(f) = -8*f**3 + f - 1. Calculate x(m).
-8
Let n(a) be the third derivative of a**9/60480 - a**8/20160 - a**7/1680 + a**6/720 - 7*a**5/30 + 7*a**2. Let q(y) be the third derivative of n(y). What is q(3)?
10
Let c(x) = 5*x - 3. Let a(b) = 13*b - 6. Let r(m) = -2*a(m) + 5*c(m). Suppose l - 6 = -2*l. Let d be (1*l)/((-5)/15). Determine r(d).
3
Let k(s) be the third derivative of 1/120*s**6 + 0 - 1/12*s**4 + 1/30*s**5 - 14*s**2 + 0*s + 1/3*s**3. What is k(2)?
14
Let u(c) be the second derivative of c**4/12 - 2*c**3/3 - 5*c**2/2 - 13*c. Let n be u(4). Let s(f) = f**2 + 7*f + 5. Calculate s(n).
-5
Let q(v) = -24 - 3*v - 113*v**2 - 116*v**2 + 230*v**2. Calculate q(-5).
16
Let z(f) = -15*f + 4. Let g(l) = 14*l - 4. Let i(c) = 6*g(c) + 5*z(c). Determine i(1).
5
Let a be (-34)/(-10) - (-15)/25. Suppose -16 = -a*b + 4*g, 0*b - b - 1 = 4*g. Let m(p) = p**3 - p**2 - 4*p - 1. What is m(b)?
5
Let w(k) be the third derivative of -k**5/12 + k**3/6 + 218*k**2. Give w(-2).
-19
Let u be 4/14 - 246/(-21). Suppose 0 = 3*k + 2*m - u, -m + 5*m - 2 = 5*k. Let n(v) = k + 19*v**2 + 4*v - 3*v - 2. Determine n(-1).
18
Suppose 4*x - 5*x = 2, -5*q + 5*x = -20. Suppose -4*d + 3*d = -q. Let v(b) = -3*b**2 + 2*b**2 - 3*b**d - b**3 + 2*b - 5*b - 3. Give v(-2).
-5
Let r(v) = 2*v**2 + 116 - v**3 + v - 114 + 2*v + v**2. Determine r(-2).
16
Let l(i) = -6*i + 12. Suppose -89 + 65 = 4*z. Let s(d) = -5*d + 11. Let y(u) = z*l(u) + 7*s(u). Give y(-3).
2
Let b = -11 + 15. Let t(p) = -3*p**3 - p**2 - 25*p - 17. Let n(l) = 2*l**3 + 16*l + 11. Let v(s) = 8*n(s) + 5*t(s). Determine v(b).
-1
Let h(y) be the second derivative of y**5/20 - y**4/2 + 5*y**3/6 + y**2/2 + 8*y. What is h(4)?
-11
Let p(t) = -t - 7. Let o = 1 - -4. Let j(i) = -i - 4. Let d = -171 + 168. Let u(z) = d*p(z) + o*j(z). What is u(4)?
-7
Let l(n) = 3*n**2 - 6 + 0*n + 20*n**3 + 4*n**2 - 19*n**3 + 6*n. Let z(t) = 10*t + t**2 + 2*t - 11*t - t**3 - 6. Let x be z(0). Give l(x).
-6
Let g be (-2)/4 + 2/(-4). Let l(n) = n**2 + n + 2. Let u(w) = -2*w. Let p(y) = g*u(y) + l(y). Give p(-4).
6
Let c(u) = u**2 + 2*u + 8. Let n be c(0). Suppose 0 = -2*y + 3*a - n*a - 17, 40 = 5*y - 4*a. Let s(z) = -z**2 + 6*z - 2. Determine s(y).
6
Let b(o) = 2*o**2 + o - 3. Suppose 0 = -a - 3219 + 3219. Calculate b(a).
-3
Suppose -4*w - 10 = -0*t - 5*t, 3*t - 5*w = -7. Let j(o) = -1. Let u(d) = -7. Let h(c) = -6*j(c) + u(c). Let b(f) = -f + 1. Let r(n) = b(n) + 6*h(n). Give r(t).
-11
Let c(d) = 2*d**3 - 4*d**2 + 5*d - 5. Let t be c(2). Suppose 52 = t*v - 2*f, 53 = 5*v - f - 2*f. Let u(o) = -5*o - 23 + 29 + v*o. Calculate u(-4).
-14
Suppose -2*r - 3*t - 13 = -4*r, 0 = -2*r - 3*t - 5. Let x(p) = -2 + 38*p**2 + 2*p - 35*p**r + p**3 + 5. Let f = 0 + -2. Calculate x(f).
3
Let n be -4 - (-7 + 6 - 5). Let i(l) = -4*l**3 + 3*l**2 - 2*l - 1. Determine i(n).
-25
Let c be 30/20 + 3/(-6). Let d(i) = -7*i + 2. Give d(c).
-5
Let x(o) = -o**3 - 6*o**2 + 6*o + 8. Let w be ((-21)/(-3))/((-2)/(1 + 1)). Give x(w).
15
Let d(j) be the second derivative of -j**4/12 - j**3/6 + j**2/2 + 170*j - 2. What is d(4)?
-19
Let g(q) = -q**2 + 4*q - 3. Let h be g(2). Let v be (h + -1)*(-3)/6. Let z(t) = t**2 + 17 + t**3 - 14 + t + 0*t**3. Determine z(v).
3
Let w(t) = -7*t**2 + 5*t + 5. Let f(i) = -i**2 + i + 1. Let a(c) = 4*f(c) - w(c). Let r(s) = -61*s + 1341. Let o be r(22). What is a(o)?
3
Let w(r) = -6*r - 4. Let f(p) = 30*p + 23. Let q(n) = -4*f(n) - 22*w(n). Give q(-3).
-40
Suppose 0 = 21*a + 240 - 72. Let n(f) = f**3 + 7*f**2 - 10*f - 8. Calculate n(a).
8
Suppose 2*o + 4 = 5*y, -4*y + 60 = 5*o + y. Let l(s) = 12*s + 1 - o*s - s**2 + 4*s. What is l(7)?
8
Let v(u) be the first derivative of -u**4/4 - 2*u**3 - u**2/2 + 15*u - 415. Give v(-5).
-5
Let q(h) = 4*h + 11. Let m be ((-2)/15 - (-219)/(-45)) + -3. Let u(s) = -6*s - 17. Let v(n) = m*q(n) - 5*u(n). Calculate v(-5).
7
Let o be (-4 + 2 - -1) + 4. Suppose -o*s - 3*f - 31 = 2*f, 5*f = -s - 17. Let k(c) = c - 5. Calculate k(s).
-12
Suppose -14*l + 23*l + 45 = 0. Let z(f) = 3*f - 2*f - 1 + f + 8. Determine z(l).
-3
Let j(m) = -m - 2. Let l(h) = 8*h - 2. Let o be l(-2). Let p be 4/o - 120/(-54). Suppose 4*u = p*u + 4. Give j(u).
-4
Let i(t) = -14*t - 12. Let n(a) = -31*a - 22. Let b(f) = 9*i(f) - 5*n(f). Calculate b(-1).
-27
Let n(u) = -9*u**3 + 2*u**2 + u. Let f(g) = 20*g**3 - 4*g**2 - g. Let m(y) = 4*f(y) + 9*n(y). Determine m(4).
-12
Let q(y) = y**3 + 5*y**2 - 6*y - 6. Let b be q(-6). Let f = b - -9. Let a(s) be the first derivative of 2*s**3/3 - 3*s**2/2 - 4*s - 96. What is a(f)?
5
Let i(n) = -n**2 + n + 18. Suppose 0*d + 15 = 3*d - 5*c, c + 3 = -4*d. What is i(d)?
18
Let r(x) = x**2 - 8*x - 11. Let j be 57/7 + 102/119. What is r(j)?
-2
Let i(c) = -48*c - 8. Let d be i(-1). Let o(b) = 8*b**2 + 5*b - 41 - 3*b - 4*b**2 + b**3 + d. Determine o(-4).
-9
Let j(l) = l**2 - 3*l - 2. Let r be j(-1). Suppose r*y - 54 = 90. Let d(g) = -g + 5*g**3 + 0*g**3 - 72 + y. What is d(1)?
4
Let j = 801 - 792. Let x(w) = -w**2 + 13*w. Calculate x(j).
36
Let v(p) = 0 + 2 + p - 3. Suppose -6 = 5*m - 